{"id":124,"date":"2022-04-27T22:25:20","date_gmt":"2022-04-28T04:25:20","guid":{"rendered":"https:\/\/biblioteca-infantil.ingsistemascunori.org\/?page_id=124"},"modified":"2022-05-16T15:04:03","modified_gmt":"2022-05-16T21:04:03","slug":"actividades","status":"publish","type":"page","link":"https:\/\/biblioteca-infantil.ingsistemascunori.org\/?page_id=124","title":{"rendered":"Actividades"},"content":{"rendered":"<!-- Added by Post\/Page specific custom CSS plugin, thank you for using! -->\n<style>.margen-top{\r\n\tmargin-top:0px;\r\n}\r\n\r\n.categories{\r\ndisplay:none;\r\n}\r\n.tags{\r\ndisplay:none;\r\n}\r\n.title a{\r\n  font-size: 25px;\r\n  overflow: hidden;\r\n   text-overflow: ellipsis;\r\n   display: -webkit-box;\r\n -webkit-line-clamp: 2; \/* number of lines to show *\/\r\n  -webkit-box-orient: vertical;\r\n}\r\n\r\n.course-item{\r\n  height: 350px;\r\n}\r\n\r\n.attachment-full {\r\ndisplay:none;\r\n}\r\n.oculto{\r\n\tdisplay: none;\r\n}<\/style>\n\n<p class=\"oculto\">Visita nuestro portafolio de actividades y podr\u00e1s conocer un poco sobre el trabajo que realizamos para los ni\u00f1os y ni\u00f1as<\/p>\n\n\n\n<h2 class=\"margen-top wp-block-heading\">Actividades realizadas<\/h2>\n\n\n\n\n\n\n<p><\/p>\n","protected":false},"excerpt":{"rendered":"<p>Visita nuestro portafolio de actividades y podr\u00e1s conocer un poco sobre el trabajo que realizamos para los ni\u00f1os y ni\u00f1as Actividades realizadas<\/p>\n","protected":false},"author":2,"featured_media":1292,"parent":0,"menu_order":0,"comment_status":"closed","ping_status":"closed","template":"","meta":{"_cloudinary_featured_overwrite":false,"footnotes":""},"class_list":["post-124","page","type-page","status-publish","has-post-thumbnail","hentry"],"_links":{"self":[{"href":"https:\/\/biblioteca-infantil.ingsistemascunori.org\/index.php?rest_route=\/wp\/v2\/pages\/124","targetHints":{"allow":["GET"]}}],"collection":[{"href":"https:\/\/biblioteca-infantil.ingsistemascunori.org\/index.php?rest_route=\/wp\/v2\/pages"}],"about":[{"href":"https:\/\/biblioteca-infantil.ingsistemascunori.org\/index.php?rest_route=\/wp\/v2\/types\/page"}],"author":[{"embeddable":true,"href":"https:\/\/biblioteca-infantil.ingsistemascunori.org\/index.php?rest_route=\/wp\/v2\/users\/2"}],"replies":[{"embeddable":true,"href":"https:\/\/biblioteca-infantil.ingsistemascunori.org\/index.php?rest_route=%2Fwp%2Fv2%2Fcomments&post=124"}],"version-history":[{"count":38,"href":"https:\/\/biblioteca-infantil.ingsistemascunori.org\/index.php?rest_route=\/wp\/v2\/pages\/124\/revisions"}],"predecessor-version":[{"id":1106,"href":"https:\/\/biblioteca-infantil.ingsistemascunori.org\/index.php?rest_route=\/wp\/v2\/pages\/124\/revisions\/1106"}],"wp:featuredmedia":[{"embeddable":true,"href":"https:\/\/biblioteca-infantil.ingsistemascunori.org\/index.php?rest_route=\/wp\/v2\/media\/1292"}],"wp:attachment":[{"href":"https:\/\/biblioteca-infantil.ingsistemascunori.org\/index.php?rest_route=%2Fwp%2Fv2%2Fmedia&parent=124"}],"curies":[{"name":"wp","href":"https:\/\/api.w.org\/{rel}","templated":true}]}}